{"id":48,"date":"2010-04-21T18:24:49","date_gmt":"2010-04-21T16:24:49","guid":{"rendered":"http:\/\/magazin.no-neets.de\/?page_id=48"},"modified":"2016-04-24T12:16:05","modified_gmt":"2016-04-24T10:16:05","slug":"wie-mitmachen","status":"publish","type":"page","link":"http:\/\/magazin.no-neets.de\/?page_id=48","title":{"rendered":"Wie Mitmachen?"},"content":{"rendered":"<p>Ich wei\u00df\u2026 ich selbst und viele andere hier haben bereits mehrere  Versuche gemacht ein eigenes online Manga-Magazin zu gr\u00fcnden.<\/p>\n<p>Viele  haben mittlerweile aufgegeben \u2013 ich noch nicht\u2026 ich hab lediglich  nochmal die Form angepasst\u00a0und mich entschieden erstmal ein CMS zu benutzen und auf  meinen Server zu packen \u2013 urspr\u00fcnglich wollte ich Joomla nehmen \u2013 aber  weil es damit Probleme gab bin ich jetzt ich doch an WordPress h\u00e4ngen  geblieben\u2026 aber wenigstens ist es auf meinem eigenen Server und  eigener Domain und mit der Zeit kann ich es genauso f\u00fcr ein Magazin  anpassen wie jedes andere CMS. Ich habe mittlerweile auch ein Forum f\u00fcr  Visual Novels hochgezogen \u2013 also ich denke das ich das hin bekommen  werde.\u00a0<\/p>\n<p>In der Testphase k\u00f6nnt ihr euch selber  einen ich sag jetzt mal redaktionellen Zugang geben\u00a0 <\/p>\n<p>Ihr braucht blo\u00df auf <a href=\"..\/wp-admin\" target=\"_blank\">http:\/\/magazin.no-neets.de\/wp-admin<\/a> und euch registrieren und ihr habt automatisch Zugang zum Backend.  Nat\u00fcrlich k\u00f6nnt ihr auch bessere Zug\u00e4nge haben, dazu meldet euch bitte  bei mir.<\/p>\n","protected":false},"excerpt":{"rendered":"<p>Ich wei\u00df\u2026 ich selbst und viele andere hier haben bereits mehrere Versuche gemacht ein eigenes online Manga-Magazin zu gr\u00fcnden. Viele haben mittlerweile aufgegeben \u2013 ich noch nicht\u2026 ich hab lediglich nochmal die Form angepasst\u00a0und mich entschieden erstmal ein CMS zu benutzen und auf meinen Server zu packen \u2013 urspr\u00fcnglich wollte ich Joomla nehmen \u2013 aber <a href='http:\/\/magazin.no-neets.de\/?page_id=48' class='excerpt-more'>[&#8230;]<\/a><\/p>\n","protected":false},"author":174,"featured_media":0,"parent":0,"menu_order":0,"comment_status":"open","ping_status":"open","template":"","meta":{"ngg_post_thumbnail":0},"_links":{"self":[{"href":"http:\/\/magazin.no-neets.de\/index.php?rest_route=\/wp\/v2\/pages\/48"}],"collection":[{"href":"http:\/\/magazin.no-neets.de\/index.php?rest_route=\/wp\/v2\/pages"}],"about":[{"href":"http:\/\/magazin.no-neets.de\/index.php?rest_route=\/wp\/v2\/types\/page"}],"author":[{"embeddable":true,"href":"http:\/\/magazin.no-neets.de\/index.php?rest_route=\/wp\/v2\/users\/174"}],"replies":[{"embeddable":true,"href":"http:\/\/magazin.no-neets.de\/index.php?rest_route=%2Fwp%2Fv2%2Fcomments&post=48"}],"version-history":[{"count":3,"href":"http:\/\/magazin.no-neets.de\/index.php?rest_route=\/wp\/v2\/pages\/48\/revisions"}],"predecessor-version":[{"id":1822,"href":"http:\/\/magazin.no-neets.de\/index.php?rest_route=\/wp\/v2\/pages\/48\/revisions\/1822"}],"wp:attachment":[{"href":"http:\/\/magazin.no-neets.de\/index.php?rest_route=%2Fwp%2Fv2%2Fmedia&parent=48"}],"curies":[{"name":"wp","href":"https:\/\/api.w.org\/{rel}","templated":true}]}}